t is the remainder when -125*(12/10)/(-3) is divided by v?
16
Let w(n) = 48*n - 4. Let u be w(2). Let q = u + -72. What is the remainder when 71 is divided by q?
11
Let i be 554 - 6*(42/9 - 4). Suppose 147 = 17*s - i. Calculate the remainder when s is divided by 24.
17
Suppose -122*p + 156 = -118*p. Let h be 5/(-25) + 56/5. Let w(z) = z**2 - 6. Calculate the remainder when w(h) is divided by p.
37
Let s = 516 - 513. Let h(i) = -3*i**2 - i - 3. Let v(w) = -3*w**2 - 2*w - 4. Let b(f) = -4*h(f) + 3*v(f). Calculate the remainder when b(s) is divided by 13.
8
Let x be (2 - -8)*3/18*6. Suppose -45 = l - x*l. Suppose -3*i - y - 112 = -389, 0 = -y - l. Calculate the remainder when i is divided by 8.
6
Let f = 9424 + -9285. Calculate the remainder when f is divided by 37.
28
Suppose 1359*k - 1294*k = 13910. Suppose -5*b + 3*b = -144. What is the remainder when k is divided by b?
70
Let w = 14399 - 14397. Calculate the remainder when 1151 is divided by w.
1
Let h = 8517 + -8447. Calculate the remainder when 585 is divided by h.
25
Let n(h) be the second derivative of -21*h**5/10 - 123*h. What is the remainder when 292 is divided by n(-1)?
40
Let a be 1 + (15/20 - 917/(-4)). Let s = -211 + a. What is the remainder when s is divided by 3?
2
What is the remainder when 1853 is divided by (-9102)/(-370) + 3/(-5)?
5
Suppose 0 = 41*m - 13*m - 2889 - 1955. Calculate the remainder when m is divided by 12.
5
Suppose 0 = 3*b - 5*n - 2, 0*n + 2*n = 5*b + 3. Suppose 5*g + 5623 - 5647 = q, 4*g + 4*q = 24. What is the remainder when 19 + b + (-2 - -2) is divided by g?
3
Suppose 0 = 18*l + 2*l + 3*l - 32729. Calculate the remainder when l is divided by 19.
17
Suppose 5*c + 199 = -3*u - 102, -386 = 4*u - c. Suppose -62*i + 699 + 74 = -467. Calculate the remainder when 2/2*u*-1 is divided by i.
17
Let s(u) = -23*u**2 - 278*u - 17. Calculate the remainder when 38 is divided by s(-12).
3
Suppose 8 = 4*p, -11*p = -3*x - 7*p - 2. Suppose -10*b + 128 = -x. What is the remainder when b is divided by 6?
1
Suppose 230 = 4*q + q. Suppose 13*v = 2572 - 1792. Suppose 23*a = 28*a - v. What is the remainder when q is divided by a?
10
Let r = -140 + 158. Let i = 54 + -37. Calculate the remainder when (-9)/((-9)/(-3)) + r*2 is divided by i.
16
Let w = 37 - 16. Let z = w - 18. Suppose 4*v + 3*u = -61 + 235, z*u - 6 = 0. Calculate the remainder when v is divided by 15.
12
Let a(y) = y**3 - 10*y**2 - 2*y + 22. Let v be a(10). Suppose 5*z = -4*h + 338, 11*z = 10*z + v*h + 62. What is the remainder when 197 is divided by z?
65
Suppose -7*t = -d - 11*t + 287, 4*d - 3*t = 1262. What is the remainder when 2783 is divided by d?
295
Let d(j) = -11*j - 5. Let a(p) = -p**3 - 11*p**2 - 21*p - 4. What is the remainder when a(-10) is divided by d(-3)?
22
Let v(p) = 9*p**2 + 14*p + 19. What is the remainder when v(-3) is divided by (2 + 0)*14/(-4)*-3?
16
Suppose 13*y = 9*y + 12. Suppose y*f - 40 = -2*f. Suppose f*z = 4*z + 144. What is the remainder when z is divided by 19?
17
What is the remainder when (30/5 - 2)/((-51)/(-66147)) is divided by 6?
4
Suppose -1350*o + 288*o - 1588 = -13270. Suppose -z = i - 12, -4*i - 7 = -23. What is the remainder when o is divided by (z/(-12))/((-2)/21)?
4
Let a = 3910 - 3893. Calculate the remainder when 4410 is divided by a.
7
Let g(j) = 38*j + 52 + 87 + 29 - 10. Calculate the remainder when g(4) is divided by 78.
76
Let l(v) = -v**3 - 15*v**2 - 14*v + 15. Suppose 5*g - 3*b = 2*g - 87, 3*g + 67 = -b. Calculate the remainder when 16*4/g*(-42)/4 is divided by l(-14).
13
Let l(v) = 11*v - 31*v + 15 + 19*v. What is the remainder when 107 is divided by l(-3)?
17
Let n = -724 - -1248. Suppose -4*k + n = -0*k. Suppose 256 + k = 9*h. Calculate the remainder when 84 is divided by h.
41
What is the remainder when (15786/(-15))/(-2) - (-32)/40 is divided by 125?
27
Let q(h) = 12*h - 51. Let p be q(6). Let m be (-9)/p + 156/21. Calculate the remainder when 534/m - 1/(28/8) is divided by 16.
12
Suppose -98 - 512 = -5*h. Calculate the remainder when h is divided by 1/5*(17 + -16)*185.
11
Let c(r) = 120*r**2 + 56*r + 111. What is the remainder when c(-5) is divided by 21?
17
Let q(t) = -2*t**2 - 147*t - 180. What is the remainder when q(-70) is divided by 82?
64
Let g(r) = 13*r**2 - 1. What is the remainder when 154 is divided by g(-1)?
10
Let d(c) = 265 - 520 + 283 + c. Calculate the remainder when d(-2) is divided by 3.
2
Suppose 4*a - 4 = 0, 46*a + 3297 = 5*n + 48*a. What is the remainder when n is divided by 94?
1
Let z(d) = d**3 - 10*d**2 + 13*d + 1. Suppose 229 - 19 = 21*b. What is the remainder when z(b) is divided by 22?
21
Let t(z) = 27*z**2 - 1592*z + 6373. Calculate the remainder when 2185 is divided by t(4).
0
Suppose 14*j - 53*j + 7199 = 2870. Calculate the remainder when 436 is divided by j.
103
Suppose 3*s = 5*z + 1035, -s - 2*s = 3*z + 597. Let k = 248 + z. What is the remainder when 260 is divided by k?
40
Let s(g) be the second derivative of g**3/2 + g**2/2 - 35*g. Let v be s(0). Calculate the remainder when v/((-3 + -1)/(-180)) is divided by 17.
11
Suppose 8 - 32 = 4*d. Let b(m) = m**3 + 7*m**2 + 12*m + 15. Let w be b(-6). What is the remainder when 38 is divided by (0 - -6)*w/d?
17
Suppose -2*j + 5535 = -91*g + 88*g, 2*g = 5*j - 13799. Calculate the remainder when j is divided by 30.
27
Let c be (16/6 + 6/(-2))*-57. Suppose -3*t - c = -16. Calculate the remainder when 20 is divided by t/4 + (-45)/(-4).
9
Let k = -3266 - -5364. Suppose 16*v - k + 130 = 0. Calculate the remainder when v is divided by 21.
18
Let w be (102*6)/(3*10/45). Let q be 2/11 - w/(-33). What is the remainder when ((-6)/(-2))/(-3)*q/(-2) is divided by 4?
2
Let m(o) = 81*o**2 - 122*o + 1011. What is the remainder when m(8) is divided by 15?
14
Let x(u) = 5*u**2 - 13*u - 6. Let q be x(3). Suppose 218 = j - m, 2*j - 3*j - 5*m + 242 = q. What is the remainder when j is divided by 58?
48
Suppose 23*n + 6 = 25*n. Suppose -2*a - 127 = -n*a. Suppose -2*o + 47 = 15. Calculate the remainder when a is divided by o.
15
Let k = 2493 + -2439. Calculate the remainder when 80 is divided by k.
26
Let s(d) = 2*d**3 + 54*d**2 + 78*d + 72. Calculate the remainder when s(-25) is divided by 26.
24
Let a(j) = -139*j + 1. Suppose 0 = 3*x + s - 280, 455 = 6*x + 3*s - 106. What is the remainder when a(-4) is divided by x?
92
Let p(c) = 3*c**2 + 41*c + 4. Let o be p(-16). Let i = o + -7. Calculate the remainder when i is divided by 61.
48
Suppose -20*l - 20*l = -1840. Calculate the remainder when 3541 is divided by l.
45
Let r = -5 + 7. Let o be 5/(-40)*-56 + 457 + -2. Suppose u = -r*u + o. What is the remainder when u is divided by 12?
10
Let j(m) = -5*m**2 + 90*m + 7613. Suppose -4*y = -5*u - 233, 0*u = -3*u + 4*y - 143. Calculate the remainder when ((-14)/(-3))/((-6)/u) is divided by j(-31).
17
Suppose -27*i - 387 = -1332. What is the remainder when 2867 is divided by i?
32
Suppose 25*q - 4830 = -45*q. Calculate the remainder when 2338 is divided by q.
61
Let a = 21 + -6. Let o = 92 - -79. Suppose -149 = 11*g - o. Calculate the remainder when a is divided by g.
1
Let z be (0 - 16/(-20)) + 1/5. Let b(a) = 72*a**3 + 7*a - 6. What is the remainder when 144 is divided by b(z)?
71
Let z be (0 + 2)*20/40. Suppose -2*f + 0*g + 5*g + z = 0, 5*f = -5*g + 20. What is the remainder when 26 is divided by f?
2
Let v be 2079/(-63)*3/3. Let j(k) = k**3 + 6*k**2 + 5*k + 8. Let g be j(-6). What is the remainder when 21 is divided by v/g*52/6?
8
Suppose -32*c + 30*c = -14. Suppose 0 = -c*n + 125 - 41. Suppose 0*u = -4*k - 2*u + 272, 0 = -2*k + 4*u + 146. What is the remainder when k is divided by n?
9
Let l be 198/(-8)*(-1344)/72. Suppose 0 = 19*n - 19*n + 12*n. Suppose n*c = -3*c + l. What is the remainder when c is divided by 53?
48
Suppose 3*v = -6*v + 27. Let a(d) = d**2 - 4*d + 6. Let t be a(v). Let z(l) = 3*l**3 - 8*l**2 + 5*l + 3. Calculate the remainder when 52 is divided by z(t).
25
Calculate the remainder when (4/((-40)/(-21438)))/((-132)/(-220)) is divided by 11.
9
Let m(r) = -r**3 - 24*r**2 - 62*r - 210. Calculate the remainder when 885 is divided by m(-22).
141
Let h be -1 - (-9)/6 - (-688)/32. Suppose -5*x - h = -p, 20*p = 19*p - 2*x + 8. What is the remainder when 47 is divided by p?
11
Let q = -81 + 155. What i